 derivative of -v**4/8 - v**3/2 - 7*v**2. What is k(a)?
12
Let l(s) = 3*s + 4. Suppose -7*k + 0*k = -63. Let x be -1*k/(-30)*2*-5. Give l(x).
-5
Let q(p) be the first derivative of p**4/4 - p**3 + p + 1. Let h be (6/5 - -2) + 1/(-5). Calculate q(h).
1
Let g(u) = -u**2 - u. Let t(n) = n**3 + 9*n**2 + 6*n + 1. Let w(p) = -2*g(p) - t(p). Let k be (1/2)/((82/24)/(-41)). Give w(k).
-13
Let l(d) = 16 - 8 - 4*d - 10. Let p(g) = -g. Let s(o) = -l(o) + 3*p(o). What is s(-2)?
0
Let q be 5*((-5)/((-100)/(-52)) + 3). Let w(k) = 2*k - 3 - q + k. Let v = -8 - -13. Determine w(v).
10
Let z(h) be the first derivative of h**3/3 + 2*h**2 + 2*h + 6. Let i(n) be the first derivative of z(n). Calculate i(-3).
-2
Suppose -8 = q - 5*q. Suppose -j - q = -7. Let u = 11 - j. Let o(a) = a**2 - 8*a - 5. Calculate o(u).
-17
Let r(j) = -j. Suppose 7 = 4*k + 3*m, 3*k - 2*m = -2*k + 26. Suppose k*b = 1 - 5. What is r(b)?
1
Let b(p) = p**2 + 57*p - 745. Let h be b(11). Suppose -4*f - c + 3*c = -2, -5*c = -5. Let a(l) = 0 - l**2 + 4 + l**3 - 4*l - f. Determine a(h).
9
Let s(p) = 0*p**2 + 201 + 202 + 17*p + p**2 - 418. What is s(-18)?
3
Let c(p) be the third derivative of p**4/24 + p**3/2 - 30*p**2. Let m = 14 + -18. Determine c(m).
-1
Let u(i) = 3*i + 51. Let v be u(-16). Let f(t) = -t**v - 5 + 2*t - t + 13 - 9 + 7*t**2. Give f(7).
6
Let l(v) be the first derivative of 2*v**2 - 607. What is l(6)?
24
Let i(l) = -l - 1. Let w(r) = 6*r + 8. Let v(z) = 1. Let m(o) = -6*v(o) + w(o). Let g(p) = 3*i(p) + m(p). Give g(-3).
-10
Let g(u) = -u - 1. Suppose 39 = -h - 45. Let i = -89 - h. Give g(i).
4
Let d(w) be the third derivative of w**5/30 + w**4/6 - w**3/6 + w**2. Let y = -1960 + 1956. Give d(y).
15
Let d(z) = 5*z**2 - z + 3. Let h(s) = s**3 + s**2 + s + 6. Let f be h(0). Let q(c) = 4*c**2 + 2. Let y(k) = f*q(k) - 5*d(k). What is y(6)?
-9
Let t(g) = 49*g**2 + 17*g - 7. Let w(u) = 39*u**2 + 15*u - 6. Let k(f) = -4*t(f) + 5*w(f). Let q(x) = x**3 + 5*x**2 - 8*x - 6. Let d be q(-6). Determine k(d).
4
Let u = 47 - 11. Let j(n) = n - 1. Let o(h) = 10*h - 9. Let l(t) = u*j(t) - 4*o(t). Suppose -6*d = -0*d + 6. What is l(d)?
4
Let r(j) = -j**3 + j**2 + 5*j - 2. Let f be 6/(-4)*(-402)/9. Suppose 2*u - 73 = -f. Determine r(u).
-5
Let h(t) be the second derivative of -t**4/6 - 2*t**3/3 - 3*t**2/2 + 8*t. Let u(p) = -p**3 + 12*p**2 - 12*p + 9. Let d be u(11). What is h(d)?
-3
Let n(o) be the second derivative of -2*o**3/3 + 2*o**2 + 2*o. Let f(z) = -9*z + 9. Let k(u) = 6*f(u) - 13*n(u). Give k(3).
-4
Let c(r) = -7*r + 7. Let g be (-3)/(-6) + (-7)/2. Let d(j) = -20*j + 20. Let s(f) = g*d(f) + 8*c(f). Let u(l) = -5*l + 98. Let h be u(19). Calculate s(h).
8
Let p be 0*(10/(-4))/5. Suppose 2*a = -0*a. Let u(v) = 3 + a*v - 4*v + 5*v. Give u(p).
3
Let b(f) = 12*f + 79. Let x be b(-7). Let i(a) = a**3 + 5*a**2 - a + 2. Determine i(x).
7
Let b(r) = r**3 - 5*r**2 - 2*r + 7. Suppose -2*l - 64 = 2*h, 3*h + 0*h - 2*l = -116. Let y = h - -41. What is b(y)?
-3
Let y(x) = -97 + 51 - 5*x + 51 - x**2. Calculate y(-6).
-1
Let i be (392/84)/(1/6). Let d(z) = i*z - 9*z - 16*z. Let r be (-1)/(0 + 0 + 1). Calculate d(r).
-3
Let m(t) = -3*t - 98*t**3 + 0*t - t**2 - 2 + 99*t**3. What is m(3)?
7
Let v(h) = 11*h**3 + 2*h**2 + 2*h + 1. Let q(w) be the second derivative of -w**3/6 + 9*w**2/2 + 6*w. Let g be q(10). Give v(g).
-10
Suppose -20 = -m - 5*s, s = m - 3*s + 16. Let i(t) = -31*t + 86*t - 1 - t**2 - 54*t. Give i(m).
-1
Let k(q) = q**2 + 5*q + 6. Let h(b) = -4*b**2 - 20*b - 24. Let x(f) = -2*h(f) - 9*k(f). Suppose -7*i - 5 = -2*i, 21 = -5*a - i. Determine x(a).
-2
Let n = -55 + 62. Let m(x) = -x - 5 + n - 3. Give m(-2).
1
Let s(r) be the first derivative of -r**3/3 - 3*r**2 + 6*r + 14. Suppose -2*l - 20 = 4*i - 2*i, 0 = -3*i - l - 22. Calculate s(i).
6
Let w(y) = -232 + 468 + 2*y**2 - 3*y + 10*y - 231. Let q(b) = b + 6. Let g be q(-10). Calculate w(g).
9
Let m be ((-2)/6)/((-3)/135). Let w be 21/m + 6/10. Suppose -3 = w*o + 2*z + 7, 4*o = 5*z - 29. Let y(s) = -s - 3. Determine y(o).
3
Suppose -6*t + 2 = -4. Suppose -9 = -5*h + 6. Let q(w) = 6*w**2 + h*w**2 - w**2. Determine q(t).
8
Let u be 6/(-2 - (-12)/5). Suppose -m - i = -3*m - u, m - 9 = -5*i. Let y(k) be the second derivative of -k**4/12 - k**3 + 3*k**2 + 2*k - 122. Determine y(m).
6
Let b(m) = m**2 + 4*m - 2. Suppose 15*x - 11*x + 64 = 0. Let t = x + 20. Suppose -t*c + 6*o - 32 = 2*o, 3*c + 3*o = -6. What is b(c)?
3
Let z(r) be the first derivative of r**3/3 - 7*r**2/2 - 2*r - 12. Determine z(5).
-12
Let j(r) = 3*r**3 - r**2 - r - 1. Suppose 1 - 11 = -5*q. Suppose 0*w + 1 = 4*v + w, -q*v - 5*w + 23 = 0. Calculate j(v).
-4
Let s(f) = 3*f - 5. Let z(y) be the second derivative of -y**3/6 + y**2/2 + 9*y. Let a(r) = s(r) + 6*z(r). Give a(1).
-2
Let u = 167 + -96. Let z = u + -74. Let r(s) = s - 2*s - s + 2. Calculate r(z).
8
Suppose 4*q + 4*h - 15 = -3, 5*q + 12 = 4*h. Let b(j) = -j**2 + 3*j - 17. Determine b(q).
-17
Let l(t) = 2*t**3 - t**2 + 1. Let v be l(0). Let x(m) = 2*m + 16*m + 2 + 5 - 6. Let o(g) = 72*g + 5. Let u(n) = -2*o(n) + 9*x(n). What is u(v)?
17
Suppose -r = -13 - 60. Let o = r - 69. Let s(v) = -5*v + 10. Let f(i) = 6*i - 11. Let h(w) = 6*f(w) + 7*s(w). Determine h(o).
8
Let t(z) = 4 + 6 - 4 + z + 2. Let r(p) = -p - 4. Suppose -3*y + 7*y + l + 12 = 0, -36 = 5*y - 4*l. Let w be r(y). What is t(w)?
8
Let k(q) = -q**3 + 4*q**2 - 2*q - 2. Suppose 7 = 5*z + 2. Let j be z/(-2 - 116/(-56)). Suppose -17*t + 9 = -j*t. Give k(t).
1
Let r(u) = u**3 - 7*u**2 + 5*u - 5. Let q = 99 - 93. Determine r(q).
-11
Suppose -45*o - 225 = -0*o. Let n(f) = -5*f**3 + f**2 + 10*f - 1. Let d(c) = c**3 - c**2 - c - 1. Let w(y) = 4*d(y) + n(y). Give w(o).
15
Let i be 9 - ((12 - -1) + -5). Let q(j) be the second derivative of j**3/6 + 3*j. Calculate q(i).
1
Let v = -1 - -2. Let r = 6 - v. Let w(a) = -a**2 + a - 1. Let z(d) = 4*d**2 - 10*d + 12. Let c(y) = r*w(y) + z(y). Determine c(-5).
7
Let z(c) be the third derivative of 0 + 1/6*c**3 + 0*c + 7/60*c**6 + 1/60*c**5 - c**2 + 1/12*c**4. Determine z(-1).
-14
Let i(p) = 4*p**3 - 6*p**2 - 3 - 3*p**3 + 12*p - 7*p**2 + 0*p**3. Give i(12).
-3
Let p(b) = b**3 + 2*b + 15*b**2 - 2*b**3 + 1 - 5 - 16*b**2. Determine p(-3).
8
Let s = 48 + -43. Suppose -s*x = -3*c + c + 48, -44 = 3*x - 5*c. Let k(f) = f**3 + 7*f**2 - 8*f + 1. Give k(x).
1
Let s(x) = -2*x - 1. Suppose 0 = 2*h + 4*r + 10, -4 = -r - 7. Give s(h).
-3
Let q(j) = j**2 + j + 1. Let r be q(2). Let u(f) = 48 + 2*f - 16 - 32 - 3*f. Determine u(r).
-7
Let r(i) be the third derivative of -i**4/6 + 23*i**3/6 - 7*i**2. Let f be r(7). Let q(g) = -2*g - 6. Calculate q(f).
4
Let y be 3/(18/(-8)) - 3040/1824. Let m(w) = -w**3 + 2*w - 4. Calculate m(y).
17
Let d = -33 - -35. Let y(w) = 6*w - 6 - 11*w**3 + 1 - 5*w**d + 10*w**3. Give y(-6).
-5
Let m(c) be the second derivative of c**3/3 - 10*c**2 + 91*c. What is m(6)?
-8
Let f = 197 + -191. Let l(k) = -k**2 + 10*k - 3. Give l(f).
21
Let b(t) be the third derivative of -t**6/120 - t**5/12 + t**4/4 - 5*t**3/6 - 61*t**2 + 2. Calculate b(-6).
-5
Let z(v) = -20*v + 36. Let q be z(2). Let g(s) = -2*s - 6. Give g(q).
2
Let n(c) = c + 1 + 3 + 1. Suppose p + 5*f = 24, 21*p + 12 = 18*p - f. Calculate n(p).
-1
Let q(l) = -4*l - 5. Let c be q(-2). Let g(a) = 2*a**2 + 0*a**2 - 2 + a**3 - 2 + 5*a - 7*a**2. Calculate g(c).
-7
Let m(a) be the second derivative of -a**6/720 - a**5/40 - 3*a**4 - 9*a. Let u(b) be the third derivative of m(b). What is u(-2)?
-1
Let f(p) = 3*p**2 - 22*p - 6. Let c be f(7). Let t(y) = y**3 + 14*y**2 + 12*y - 13. Calculate t(c).
0
Let z(q) = -q**2 + 6*q. Suppose 0 = -3*f - r + 20, -66*f + 26 = -62*f + 2*r. Calculate z(f).
-7
Let y(j) = -669 + 336 + 0*j + 335 - 6*j. Determine y(-3).
20
Suppose 3*j - 12 = -j. Let i(g) = -5*g**2 - 2*g - 5*g - j*g**2 - g**3 - 1. Let v = -135 - -128. Determine i(v).
-1
Let h(i) = -i**2 - 1. Let n = 39 - 36. Suppose -n + 0 = -3*u. Determine h(u).
-2
Let h(a) = -a**2 - 6*a - 6. Let y be h(-6). Let b(u) be the second derivative of -u**5/20 - 5*u**4/12 + 4*u**3/3 + u**2 - u. Give b(y).
-10
Let k(f) = f**3 + 3*f**2 - 3*f - 2. Let x = 362 - 366. What is k(x)?
-6
Let r(x) = x**2 + 5*x + 1. Suppose t + t - y = 1, 2*t = 4*y - 8. Suppose -2*d + 5*d = t*l - 16, -3*l = 3*d + 6. Give r(d).
-3
Let c(y) = -15 + 11*y +